{"id":6967,"date":"2022-11-11T10:14:58","date_gmt":"2022-11-11T10:14:58","guid":{"rendered":"https:\/\/beeler-treuhand.ch\/wordpress\/?post_type=dt_portfolio&#038;p=6967"},"modified":"2022-11-11T14:53:16","modified_gmt":"2022-11-11T14:53:16","slug":"kurzarbeitsentschaedigung","status":"publish","type":"dt_portfolio","link":"https:\/\/beeler-treuhand.ch\/index.php\/project\/kurzarbeitsentschaedigung\/","title":{"rendered":"Kurzarbeitsentsch\u00e4digung"},"content":{"rendered":"\t\t<div data-elementor-type=\"wp-post\" data-elementor-id=\"6967\" class=\"elementor elementor-6967\">\n\t\t\t\t\t\t\t\t\t<section class=\"elementor-section elementor-top-section elementor-element elementor-element-cfdeb53 elementor-section-boxed elementor-section-height-default elementor-section-height-default\" data-id=\"cfdeb53\" data-element_type=\"section\">\n\t\t\t\t\t\t<div class=\"elementor-container elementor-column-gap-default\">\n\t\t\t\t\t<div class=\"elementor-column elementor-col-100 elementor-top-column elementor-element elementor-element-9a8d265\" data-id=\"9a8d265\" data-element_type=\"column\">\n\t\t\t<div class=\"elementor-widget-wrap elementor-element-populated\">\n\t\t\t\t\t\t\t\t<div class=\"elementor-element elementor-element-86577cd elementor-widget elementor-widget-heading\" data-id=\"86577cd\" data-element_type=\"widget\" data-widget_type=\"heading.default\">\n\t\t\t\t<div class=\"elementor-widget-container\">\n\t\t\t<h4 class=\"elementor-heading-title elementor-size-default\"><span style=\"color: rgb(69, 69, 69); font-family: &quot;Frutiger Neue&quot;, Helvetica, Arial, sans-serif; font-size: 15.4px; white-space: normal;\">Bern,&nbsp;29.09.2022&nbsp;-&nbsp;Aufgrund des Bundesratsentscheids vom 11. M\u00e4rz 2022 k\u00f6nnen Unternehmen, die in den Jahren 2020 und 2021 im summarischen Verfahren Kurzarbeitsentsch\u00e4digung (KAE) abgerechnet haben, ein Gesuch um \u00dcberpr\u00fcfung ihrer KAE-Anspr\u00fcche stellen. Sie k\u00f6nnen f\u00fcr diesen Zeitraum f\u00fcr Mitarbeitende im Monatslohn einen Ferien- und Feiertagsanteil geltend machen. Entsprechende Gesuche k\u00f6nnen neu bis am 31. Dezember 2022 via eService auf dem Portal arbeit.swiss eingereicht werden.<\/span><\/h4>\t\t<\/div>\n\t\t\t\t<\/div>\n\t\t\t\t\t<\/div>\n\t\t<\/div>\n\t\t\t\t\t\t\t<\/div>\n\t\t<\/section>\n\t\t\t\t<section class=\"elementor-section elementor-top-section elementor-element elementor-element-cf5e4ca elementor-section-boxed elementor-section-height-default elementor-section-height-default\" data-id=\"cf5e4ca\" data-element_type=\"section\">\n\t\t\t\t\t\t<div class=\"elementor-container elementor-column-gap-default\">\n\t\t\t\t\t<div class=\"elementor-column elementor-col-100 elementor-top-column elementor-element elementor-element-e33808b\" data-id=\"e33808b\" data-element_type=\"column\">\n\t\t\t<div class=\"elementor-widget-wrap elementor-element-populated\">\n\t\t\t\t\t\t\t\t<div class=\"elementor-element elementor-element-2a7e3e6 elementor-widget elementor-widget-text-editor\" data-id=\"2a7e3e6\" data-element_type=\"widget\" data-widget_type=\"text-editor.default\">\n\t\t\t\t<div class=\"elementor-widget-container\">\n\t\t\t\t\t\t\t<p>Mit der Verschiebung der Eingabefrist f\u00fcr Gesuche vom 31. Oktober 2022 auf den 31. Dezember 2022 gew\u00e4hrt das Staatssekretariat f\u00fcr Wirtschaft (SECO) den Betrieben mehr Zeit zur Geltendmachung der Nachforderung von Ferien- und Feiertagsentsch\u00e4digungen. S\u00e4mtliche weiteren Informationen stehen auf der KAE-Unterseite \u00abNachzahlung\u00bb auf dem Portal arbeit.swiss zur Verf\u00fcgung.<\/p>\t\t\t\t\t\t<\/div>\n\t\t\t\t<\/div>\n\t\t\t\t<div class=\"elementor-element elementor-element-29bdc06 elementor-widget elementor-widget-spacer\" data-id=\"29bdc06\" data-element_type=\"widget\" data-widget_type=\"spacer.default\">\n\t\t\t\t<div class=\"elementor-widget-container\">\n\t\t\t\t\t<div class=\"elementor-spacer\">\n\t\t\t<div class=\"elementor-spacer-inner\"><\/div>\n\t\t<\/div>\n\t\t\t\t<\/div>\n\t\t\t\t<\/div>\n\t\t\t\t<div class=\"elementor-element elementor-element-e3fdac4 elementor-widget elementor-widget-text-editor\" data-id=\"e3fdac4\" data-element_type=\"widget\" data-widget_type=\"text-editor.default\">\n\t\t\t\t<div class=\"elementor-widget-container\">\n\t\t\t\t\t\t\t<p>kmu.admin.ch<\/p>\t\t\t\t\t\t<\/div>\n\t\t\t\t<\/div>\n\t\t\t\t\t<\/div>\n\t\t<\/div>\n\t\t\t\t\t\t\t<\/div>\n\t\t<\/section>\n\t\t\t\t\t\t\t<\/div>\n\t\t","protected":false},"excerpt":{"rendered":"<p>Bern,&nbsp;29.09.2022&nbsp;&#8211;&nbsp;Aufgrund des Bundesratsentscheids vom 11. M\u00e4rz 2022 k\u00f6nnen Unternehmen, die in den Jahren 2020 und 2021 im summarischen Verfahren Kurzarbeitsentsch\u00e4digung (KAE) abgerechnet haben, ein Gesuch um \u00dcberpr\u00fcfung ihrer KAE-Anspr\u00fcche stellen. Sie k\u00f6nnen f\u00fcr diesen Zeitraum f\u00fcr Mitarbeitende im Monatslohn einen Ferien- und Feiertagsanteil geltend machen. Entsprechende Gesuche k\u00f6nnen neu bis am 31. Dezember 2022 via&hellip;<\/p>\n","protected":false},"author":1,"featured_media":7086,"comment_status":"open","ping_status":"closed","template":"","dt_portfolio_category":[70],"dt_portfolio_tags":[],"class_list":["post-6967","dt_portfolio","type-dt_portfolio","status-publish","has-post-thumbnail","hentry","dt_portfolio_category-post"],"_links":{"self":[{"href":"https:\/\/beeler-treuhand.ch\/index.php\/wp-json\/wp\/v2\/dt_portfolio\/6967","targetHints":{"allow":["GET"]}}],"collection":[{"href":"https:\/\/beeler-treuhand.ch\/index.php\/wp-json\/wp\/v2\/dt_portfolio"}],"about":[{"href":"https:\/\/beeler-treuhand.ch\/index.php\/wp-json\/wp\/v2\/types\/dt_portfolio"}],"author":[{"embeddable":true,"href":"https:\/\/beeler-treuhand.ch\/index.php\/wp-json\/wp\/v2\/users\/1"}],"replies":[{"embeddable":true,"href":"https:\/\/beeler-treuhand.ch\/index.php\/wp-json\/wp\/v2\/comments?post=6967"}],"version-history":[{"count":10,"href":"https:\/\/beeler-treuhand.ch\/index.php\/wp-json\/wp\/v2\/dt_portfolio\/6967\/revisions"}],"predecessor-version":[{"id":7079,"href":"https:\/\/beeler-treuhand.ch\/index.php\/wp-json\/wp\/v2\/dt_portfolio\/6967\/revisions\/7079"}],"wp:featuredmedia":[{"embeddable":true,"href":"https:\/\/beeler-treuhand.ch\/index.php\/wp-json\/wp\/v2\/media\/7086"}],"wp:attachment":[{"href":"https:\/\/beeler-treuhand.ch\/index.php\/wp-json\/wp\/v2\/media?parent=6967"}],"wp:term":[{"taxonomy":"dt_portfolio_category","embeddable":true,"href":"https:\/\/beeler-treuhand.ch\/index.php\/wp-json\/wp\/v2\/dt_portfolio_category?post=6967"},{"taxonomy":"dt_portfolio_tags","embeddable":true,"href":"https:\/\/beeler-treuhand.ch\/index.php\/wp-json\/wp\/v2\/dt_portfolio_tags?post=6967"}],"curies":[{"name":"wp","href":"https:\/\/api.w.org\/{rel}","templated":true}]}}

Kurzarbeitsentschädigung

<div data-elementor-type="wp-post" data-elementor-id="6967" class="elementor elementor-6967">
									<section class="elementor-section elementor-top-section elementor-element elementor-element-cfdeb53 elementor-section-boxed elementor-section-height-default elementor-section-height-default" data-id="cfdeb53" data-element_type="section">
						<div class="elementor-container elementor-column-gap-default">
					<div class="elementor-column elementor-col-100 elementor-top-column elementor-element elementor-element-9a8d265" data-id="9a8d265" data-element_type="column">
			<div class="elementor-widget-wrap elementor-element-populated">
								<div class="elementor-element elementor-element-86577cd elementor-widget elementor-widget-heading" data-id="86577cd" data-element_type="widget" data-widget_type="heading.default">
				<div class="elementor-widget-container">
			<h4 class="elementor-heading-title elementor-size-default"><span style="color: rgb(69, 69, 69); font-family: &quot;Frutiger Neue&quot;, Helvetica, Arial, sans-serif; font-size: 15.4px; white-space: normal;">Bern,&nbsp;29.09.2022&nbsp;-&nbsp;Aufgrund des Bundesratsentscheids vom 11. März 2022 können Unternehmen, die in den Jahren 2020 und 2021 im summarischen Verfahren Kurzarbeitsentschädigung (KAE) abgerechnet haben, ein Gesuch um Überprüfung ihrer KAE-Ansprüche stellen. Sie können für diesen Zeitraum für Mitarbeitende im Monatslohn einen Ferien- und Feiertagsanteil geltend machen. Entsprechende Gesuche können neu bis am 31. Dezember 2022 via eService auf dem Portal arbeit.swiss eingereicht werden.</span></h4>		</div>
				</div>
					</div>
		</div>
							</div>
		</section>
				<section class="elementor-section elementor-top-section elementor-element elementor-element-cf5e4ca elementor-section-boxed elementor-section-height-default elementor-section-height-default" data-id="cf5e4ca" data-element_type="section">
						<div class="elementor-container elementor-column-gap-default">
					<div class="elementor-column elementor-col-100 elementor-top-column elementor-element elementor-element-e33808b" data-id="e33808b" data-element_type="column">
			<div class="elementor-widget-wrap elementor-element-populated">
								<div class="elementor-element elementor-element-2a7e3e6 elementor-widget elementor-widget-text-editor" data-id="2a7e3e6" data-element_type="widget" data-widget_type="text-editor.default">
				<div class="elementor-widget-container">
							<p>Mit der Verschiebung der Eingabefrist für Gesuche vom 31. Oktober 2022 auf den 31. Dezember 2022 gewährt das Staatssekretariat für Wirtschaft (SECO) den Betrieben mehr Zeit zur Geltendmachung der Nachforderung von Ferien- und Feiertagsentschädigungen. Sämtliche weiteren Informationen stehen auf der KAE-Unterseite «Nachzahlung» auf dem Portal arbeit.swiss zur Verfügung.</p>						</div>
				</div>
				<div class="elementor-element elementor-element-29bdc06 elementor-widget elementor-widget-spacer" data-id="29bdc06" data-element_type="widget" data-widget_type="spacer.default">
				<div class="elementor-widget-container">
					<div class="elementor-spacer">
			<div class="elementor-spacer-inner"></div>
		</div>
				</div>
				</div>
				<div class="elementor-element elementor-element-e3fdac4 elementor-widget elementor-widget-text-editor" data-id="e3fdac4" data-element_type="widget" data-widget_type="text-editor.default">
				<div class="elementor-widget-container">
							<p>kmu.admin.ch</p>						</div>
				</div>
					</div>
		</div>
							</div>
		</section>
							</div>

<p>Bern,&nbsp;29.09.2022&nbsp;&#8211;&nbsp;Aufgrund des Bundesratsentscheids vom 11. März 2022 können Unternehmen, die in den Jahren 2020 und 2021 im summarischen Verfahren Kurzarbeitsentschädigung (KAE) abgerechnet haben, ein Gesuch um Überprüfung ihrer KAE-Ansprüche stellen. Sie können für diesen Zeitraum für Mitarbeitende im Monatslohn einen Ferien- und Feiertagsanteil geltend machen. Entsprechende Gesuche können neu bis am 31. Dezember 2022 via&hellip;</p>
