{"id":7053,"date":"2022-07-07T13:59:09","date_gmt":"2022-07-07T13:59:09","guid":{"rendered":"https:\/\/beeler-treuhand.ch\/wordpress\/?post_type=dt_portfolio&#038;p=7053"},"modified":"2022-12-21T08:48:48","modified_gmt":"2022-12-21T08:48:48","slug":"news-blog","status":"publish","type":"dt_portfolio","link":"https:\/\/beeler-treuhand.ch\/index.php\/project\/news-blog\/","title":{"rendered":"News\/Blog"},"content":{"rendered":"\t\t<div data-elementor-type=\"wp-post\" data-elementor-id=\"7053\" class=\"elementor elementor-7053\">\n\t\t\t\t\t\t\t\t\t<section class=\"elementor-section elementor-top-section elementor-element elementor-element-535a721 elementor-section-boxed elementor-section-height-default elementor-section-height-default\" data-id=\"535a721\" data-element_type=\"section\">\n\t\t\t\t\t\t<div class=\"elementor-container elementor-column-gap-default\">\n\t\t\t\t\t<div class=\"elementor-column elementor-col-100 elementor-top-column elementor-element elementor-element-497075b\" data-id=\"497075b\" data-element_type=\"column\">\n\t\t\t<div class=\"elementor-widget-wrap elementor-element-populated\">\n\t\t\t\t\t\t\t\t<div class=\"elementor-element elementor-element-42ec9ad elementor-widget elementor-widget-spacer\" data-id=\"42ec9ad\" data-element_type=\"widget\" data-widget_type=\"spacer.default\">\n\t\t\t\t<div class=\"elementor-widget-container\">\n\t\t\t\t\t<div class=\"elementor-spacer\">\n\t\t\t<div class=\"elementor-spacer-inner\"><\/div>\n\t\t<\/div>\n\t\t\t\t<\/div>\n\t\t\t\t<\/div>\n\t\t\t\t<div class=\"elementor-element elementor-element-1df0634 icon-box-vertical-align-center icon-box-vertical-align-mobile-center img-align-mobile-top image-vertical-align-mobile-center slide-h-position-mobile-center img-align-left image-vertical-align-start slide-h-position-left elementor-widget elementor-widget-the7-elements-simple-posts\" data-id=\"1df0634\" data-element_type=\"widget\" data-widget_type=\"the7-elements-simple-posts.default\">\n\t\t\t\t<div class=\"elementor-widget-container\">\n\t\t\t<div class=\"the7-simple-widget-posts the7-elementor-widget the7-elements-simple-posts-1df0634 jquery-filter widget-divider-on title-to-line jquery-filter\" data-post-limit=\"-1\" data-pagination-mode=\"none\" data-scroll-offset=\"\">\t\t\t<div class=\"dt-css-grid custom-pagination-handler\" data-columns=\"{&quot;d&quot;:1,&quot;t&quot;:1,&quot;p&quot;:1,&quot;wd&quot;:1}\">\n\t\t\t\t\t\t\t\t\t<div class=\"wf-cell visible \">\n\t\t\t\t\t\t<article class=\"post visible wrapper post-7147 dt_portfolio type-dt_portfolio status-publish has-post-thumbnail hentry dt_portfolio_category-post\">\n\n\t\t\t\t\t\t\t<div class=\"post-content-wrapper\">\n\t\t\t\t\t\t\t\t\t\t\t\t\t\t\t\t\t<div class=\"the7-simple-post-thumb\">\n\t\t\t\t\t\t\t\t\t\t<a href=\"https:\/\/beeler-treuhand.ch\/index.php\/project\/sozialversicherungen-2023\/\" class=\"post-thumbnail-rollover img-ratio-wrapper layzr-bg\" aria-label=\"Post image\"><img loading=\"lazy\" decoding=\"async\" class=\"preload-me lazy-load\" src=\"data:image\/svg+xml,%3Csvg%20xmlns%3D&#39;http%3A%2F%2Fwww.w3.org%2F2000%2Fsvg&#39;%20viewBox%3D&#39;0%200%202560%201707&#39;%2F%3E\" data-src=\"https:\/\/beeler-treuhand.ch\/wp-content\/uploads\/2022\/11\/iCON-News-large-scaled.jpg\" data-srcset=\"https:\/\/beeler-treuhand.ch\/wp-content\/uploads\/2022\/11\/iCON-News-large-scaled.jpg 2560w\" alt=\"\" title=\"iCON News large\" width=\"2560\" height=\"1707\"  \/><span class=\"the7-hover-icon\"><\/span><\/a>\t\t\t\t\t\t\t\t\t<\/div>\n\t\t\t\t\t\t\t\t\t\t\t\t\t\t\t\t<div class=\"post-entry-content\">\n\t\t\t\t\t\t\t\t\t<h5 class=\"heading\"><a href=\"https:\/\/beeler-treuhand.ch\/index.php\/project\/sozialversicherungen-2023\/\" rel=\"bookmark\" title=\"Sozialversicherungen 2023\" class=\"post-title\">Sozialversicherungen 2023<\/a><\/h5><div class=\"entry-meta\"><span class=\"meta-item data-link\"><time class=\"entry-date updated\" datetime=\"2022-12-21T08:11:24+00:00\">Dezember 21, 2022<\/time><\/span><a class=\"meta-item comment-link\" href=\"https:\/\/beeler-treuhand.ch\/index.php\/project\/sozialversicherungen-2023\/#respond\">Kommentar hinterlassen<\/a><\/div><p class=\"short-description\">F\u00fcr das Jahr 2023 sind einige \u00c4nderungen im Bereich der Sozialversicherungsbeitr\u00e4ge zu beachten. Wir haben Ihnen eine \u00dcbersicht der Beitr\u00e4ge inkl. Vorjahresvergleich zusammengestellt. Die \u00dcbersicht steht f\u00fcr Sie f\u00fcr den&hellip;<\/p><a href=\"https:\/\/beeler-treuhand.ch\/index.php\/project\/sozialversicherungen-2023\/\" target=\"\" aria-label=\"Read more about Sozialversicherungen 2023\" class=\"box-button elementor-button elementor-size-sm\">Lesen<i aria-hidden=\"true\" class=\"elementor-button-icon dt-icon-the7-arrow-552\"><\/i><\/a>\t\t\t\t\t\t\t\t<\/div>\n\t\t\t\t\t\t\t<\/div>\n\t\t\t\t\t\t<\/article>\n\t\t\t\t\t<\/div>\t\t\t\t\t\t\t\t\t\t<div class=\"wf-cell visible \">\n\t\t\t\t\t\t<article class=\"post visible wrapper post-7080 dt_portfolio type-dt_portfolio status-publish has-post-thumbnail hentry dt_portfolio_category-post\">\n\n\t\t\t\t\t\t\t<div class=\"post-content-wrapper\">\n\t\t\t\t\t\t\t\t\t\t\t\t\t\t\t\t\t<div class=\"the7-simple-post-thumb\">\n\t\t\t\t\t\t\t\t\t\t<a href=\"https:\/\/beeler-treuhand.ch\/index.php\/project\/arbeitslosenversicherung\/\" class=\"post-thumbnail-rollover img-ratio-wrapper layzr-bg\" aria-label=\"Post image\"><img loading=\"lazy\" decoding=\"async\" class=\"preload-me lazy-load\" src=\"data:image\/svg+xml,%3Csvg%20xmlns%3D&#39;http%3A%2F%2Fwww.w3.org%2F2000%2Fsvg&#39;%20viewBox%3D&#39;0%200%202560%201707&#39;%2F%3E\" data-src=\"https:\/\/beeler-treuhand.ch\/wp-content\/uploads\/2022\/11\/iCON-News-large-scaled.jpg\" data-srcset=\"https:\/\/beeler-treuhand.ch\/wp-content\/uploads\/2022\/11\/iCON-News-large-scaled.jpg 2560w\" alt=\"\" title=\"iCON News large\" width=\"2560\" height=\"1707\"  \/><span class=\"the7-hover-icon\"><\/span><\/a>\t\t\t\t\t\t\t\t\t<\/div>\n\t\t\t\t\t\t\t\t\t\t\t\t\t\t\t\t<div class=\"post-entry-content\">\n\t\t\t\t\t\t\t\t\t<h5 class=\"heading\"><a href=\"https:\/\/beeler-treuhand.ch\/index.php\/project\/arbeitslosenversicherung\/\" rel=\"bookmark\" title=\"Arbeitslosenversicherung\" class=\"post-title\">Arbeitslosenversicherung<\/a><\/h5><div class=\"entry-meta\"><span class=\"meta-item data-link\"><time class=\"entry-date updated\" datetime=\"2022-11-11T14:44:57+00:00\">November 11, 2022<\/time><\/span><a class=\"meta-item comment-link\" href=\"https:\/\/beeler-treuhand.ch\/index.php\/project\/arbeitslosenversicherung\/#respond\">Kommentar hinterlassen<\/a><\/div><p class=\"short-description\">Bern,&nbsp;13.10.2022&nbsp;&#8211;&nbsp;Seit 2011 wird auf hohen Lohnbestandteilen ein sogenanntes Solidarit\u00e4tsprozent als Beitrag zur Entschuldung der Arbeitslosenversicherung erhoben. Die finanzielle Situation der Arbeitslosenversicherung sollte sich per Ende 2022 soweit erholt haben, dass&hellip;<\/p><a href=\"https:\/\/beeler-treuhand.ch\/index.php\/project\/arbeitslosenversicherung\/\" target=\"\" aria-label=\"Read more about Arbeitslosenversicherung\" class=\"box-button elementor-button elementor-size-sm\">Lesen<i aria-hidden=\"true\" class=\"elementor-button-icon dt-icon-the7-arrow-552\"><\/i><\/a>\t\t\t\t\t\t\t\t<\/div>\n\t\t\t\t\t\t\t<\/div>\n\t\t\t\t\t\t<\/article>\n\t\t\t\t\t<\/div>\t\t\t\t\t\t\t\t\t\t<div class=\"wf-cell visible \">\n\t\t\t\t\t\t<article class=\"post visible wrapper post-6967 dt_portfolio type-dt_portfolio status-publish has-post-thumbnail hentry dt_portfolio_category-post\">\n\n\t\t\t\t\t\t\t<div class=\"post-content-wrapper\">\n\t\t\t\t\t\t\t\t\t\t\t\t\t\t\t\t\t<div class=\"the7-simple-post-thumb\">\n\t\t\t\t\t\t\t\t\t\t<a href=\"https:\/\/beeler-treuhand.ch\/index.php\/project\/kurzarbeitsentschaedigung\/\" class=\"post-thumbnail-rollover img-ratio-wrapper layzr-bg\" aria-label=\"Post image\"><img loading=\"lazy\" decoding=\"async\" class=\"preload-me lazy-load\" src=\"data:image\/svg+xml,%3Csvg%20xmlns%3D&#39;http%3A%2F%2Fwww.w3.org%2F2000%2Fsvg&#39;%20viewBox%3D&#39;0%200%202560%201707&#39;%2F%3E\" data-src=\"https:\/\/beeler-treuhand.ch\/wp-content\/uploads\/2022\/11\/iCON-News-large-scaled.jpg\" data-srcset=\"https:\/\/beeler-treuhand.ch\/wp-content\/uploads\/2022\/11\/iCON-News-large-scaled.jpg 2560w\" alt=\"\" title=\"iCON News large\" width=\"2560\" height=\"1707\"  \/><span class=\"the7-hover-icon\"><\/span><\/a>\t\t\t\t\t\t\t\t\t<\/div>\n\t\t\t\t\t\t\t\t\t\t\t\t\t\t\t\t<div class=\"post-entry-content\">\n\t\t\t\t\t\t\t\t\t<h5 class=\"heading\"><a href=\"https:\/\/beeler-treuhand.ch\/index.php\/project\/kurzarbeitsentschaedigung\/\" rel=\"bookmark\" title=\"Kurzarbeitsentsch\u00e4digung\" class=\"post-title\">Kurzarbeitsentsch\u00e4digung<\/a><\/h5><div class=\"entry-meta\"><span class=\"meta-item data-link\"><time class=\"entry-date updated\" datetime=\"2022-11-11T10:14:58+00:00\">November 11, 2022<\/time><\/span><a class=\"meta-item comment-link\" href=\"https:\/\/beeler-treuhand.ch\/index.php\/project\/kurzarbeitsentschaedigung\/#respond\">Kommentar hinterlassen<\/a><\/div><p class=\"short-description\">Bern,&nbsp;29.09.2022&nbsp;&#8211;&nbsp;Aufgrund des Bundesratsentscheids vom 11. M\u00e4rz 2022 k\u00f6nnen Unternehmen, die in den Jahren 2020 und 2021 im summarischen Verfahren Kurzarbeitsentsch\u00e4digung (KAE) abgerechnet haben, ein Gesuch um \u00dcberpr\u00fcfung ihrer KAE-Anspr\u00fcche stellen.&hellip;<\/p><a href=\"https:\/\/beeler-treuhand.ch\/index.php\/project\/kurzarbeitsentschaedigung\/\" target=\"\" aria-label=\"Read more about Kurzarbeitsentsch\u00e4digung\" class=\"box-button elementor-button elementor-size-sm\">Lesen<i aria-hidden=\"true\" class=\"elementor-button-icon dt-icon-the7-arrow-552\"><\/i><\/a>\t\t\t\t\t\t\t\t<\/div>\n\t\t\t\t\t\t\t<\/div>\n\t\t\t\t\t\t<\/article>\n\t\t\t\t\t<\/div>\t\t\t\t\t\t\t\t<\/div>\n\t\t<\/div>\t\t<\/div>\n\t\t\t\t<\/div>\n\t\t\t\t\t<\/div>\n\t\t<\/div>\n\t\t\t\t\t\t\t<\/div>\n\t\t<\/section>\n\t\t\t\t\t\t\t<\/div>\n\t\t","protected":false},"excerpt":{"rendered":"<p>Sozialversicherungen 2023 Dezember 21, 2022Kommentar hinterlassen F\u00fcr das Jahr 2023 sind einige \u00c4nderungen im Bereich der Sozialversicherungsbeitr\u00e4ge zu beachten. Wir haben Ihnen eine \u00dcbersicht der Beitr\u00e4ge inkl. Vorjahresvergleich zusammengestellt. Die \u00dcbersicht steht f\u00fcr Sie f\u00fcr den&hellip; Lesen Arbeitslosenversicherung November 11, 2022Kommentar hinterlassen Bern,&nbsp;13.10.2022&nbsp;&#8211;&nbsp;Seit 2011 wird auf hohen Lohnbestandteilen ein sogenanntes Solidarit\u00e4tsprozent als Beitrag zur Entschuldung&hellip;<\/p>\n","protected":false},"author":1,"featured_media":7003,"comment_status":"open","ping_status":"closed","template":"","dt_portfolio_category":[69],"dt_portfolio_tags":[],"class_list":["post-7053","dt_portfolio","type-dt_portfolio","status-publish","has-post-thumbnail","hentry","dt_portfolio_category-news-blog"],"_links":{"self":[{"href":"https:\/\/beeler-treuhand.ch\/index.php\/wp-json\/wp\/v2\/dt_portfolio\/7053","targetHints":{"allow":["GET"]}}],"collection":[{"href":"https:\/\/beeler-treuhand.ch\/index.php\/wp-json\/wp\/v2\/dt_portfolio"}],"about":[{"href":"https:\/\/beeler-treuhand.ch\/index.php\/wp-json\/wp\/v2\/types\/dt_portfolio"}],"author":[{"embeddable":true,"href":"https:\/\/beeler-treuhand.ch\/index.php\/wp-json\/wp\/v2\/users\/1"}],"replies":[{"embeddable":true,"href":"https:\/\/beeler-treuhand.ch\/index.php\/wp-json\/wp\/v2\/comments?post=7053"}],"version-history":[{"count":24,"href":"https:\/\/beeler-treuhand.ch\/index.php\/wp-json\/wp\/v2\/dt_portfolio\/7053\/revisions"}],"predecessor-version":[{"id":7184,"href":"https:\/\/beeler-treuhand.ch\/index.php\/wp-json\/wp\/v2\/dt_portfolio\/7053\/revisions\/7184"}],"wp:featuredmedia":[{"embeddable":true,"href":"https:\/\/beeler-treuhand.ch\/index.php\/wp-json\/wp\/v2\/media\/7003"}],"wp:attachment":[{"href":"https:\/\/beeler-treuhand.ch\/index.php\/wp-json\/wp\/v2\/media?parent=7053"}],"wp:term":[{"taxonomy":"dt_portfolio_category","embeddable":true,"href":"https:\/\/beeler-treuhand.ch\/index.php\/wp-json\/wp\/v2\/dt_portfolio_category?post=7053"},{"taxonomy":"dt_portfolio_tags","embeddable":true,"href":"https:\/\/beeler-treuhand.ch\/index.php\/wp-json\/wp\/v2\/dt_portfolio_tags?post=7053"}],"curies":[{"name":"wp","href":"https:\/\/api.w.org\/{rel}","templated":true}]}}

<div data-elementor-type="wp-post" data-elementor-id="7053" class="elementor elementor-7053">
									<section class="elementor-section elementor-top-section elementor-element elementor-element-535a721 elementor-section-boxed elementor-section-height-default elementor-section-height-default" data-id="535a721" data-element_type="section">
						<div class="elementor-container elementor-column-gap-default">
					<div class="elementor-column elementor-col-100 elementor-top-column elementor-element elementor-element-497075b" data-id="497075b" data-element_type="column">
			<div class="elementor-widget-wrap elementor-element-populated">
								<div class="elementor-element elementor-element-42ec9ad elementor-widget elementor-widget-spacer" data-id="42ec9ad" data-element_type="widget" data-widget_type="spacer.default">
				<div class="elementor-widget-container">
					<div class="elementor-spacer">
			<div class="elementor-spacer-inner"></div>
		</div>
				</div>
				</div>
				<div class="elementor-element elementor-element-1df0634 icon-box-vertical-align-center icon-box-vertical-align-mobile-center img-align-mobile-top image-vertical-align-mobile-center slide-h-position-mobile-center img-align-left image-vertical-align-start slide-h-position-left elementor-widget elementor-widget-the7-elements-simple-posts" data-id="1df0634" data-element_type="widget" data-widget_type="the7-elements-simple-posts.default">
				<div class="elementor-widget-container">
			<div class="the7-simple-widget-posts the7-elementor-widget the7-elements-simple-posts-1df0634 jquery-filter widget-divider-on title-to-line jquery-filter" data-post-limit="-1" data-pagination-mode="none" data-scroll-offset="">			<div class="dt-css-grid custom-pagination-handler" data-columns="{&quot;d&quot;:1,&quot;t&quot;:1,&quot;p&quot;:1,&quot;wd&quot;:1}">
									<div class="wf-cell visible ">
						<article class="post visible wrapper post-7147 dt_portfolio type-dt_portfolio status-publish has-post-thumbnail hentry dt_portfolio_category-post">

							<div class="post-content-wrapper">
																	<div class="the7-simple-post-thumb">
										<a href="https://beeler-treuhand.ch/index.php/project/sozialversicherungen-2023/" class="post-thumbnail-rollover img-ratio-wrapper layzr-bg" aria-label="Post image"><img loading="lazy" decoding="async" class="preload-me lazy-load" src="data:image/svg+xml,%3Csvg%20xmlns%3D&#39;http%3A%2F%2Fwww.w3.org%2F2000%2Fsvg&#39;%20viewBox%3D&#39;0%200%202560%201707&#39;%2F%3E" data-src="https://beeler-treuhand.ch/wp-content/uploads/2022/11/iCON-News-large-scaled.jpg" data-srcset="https://beeler-treuhand.ch/wp-content/uploads/2022/11/iCON-News-large-scaled.jpg 2560w" alt="" title="iCON News large" width="2560" height="1707"  /><span class="the7-hover-icon"></span></a>									</div>
																<div class="post-entry-content">
									<h5 class="heading"><a href="https://beeler-treuhand.ch/index.php/project/sozialversicherungen-2023/" rel="bookmark" title="Sozialversicherungen 2023" class="post-title">Sozialversicherungen 2023</a></h5><div class="entry-meta"><span class="meta-item data-link"><time class="entry-date updated" datetime="2022-12-21T08:11:24+00:00">Dezember 21, 2022</time></span><a class="meta-item comment-link" href="https://beeler-treuhand.ch/index.php/project/sozialversicherungen-2023/#respond">Kommentar hinterlassen</a></div><p class="short-description">Für das Jahr 2023 sind einige Änderungen im Bereich der Sozialversicherungsbeiträge zu beachten. Wir haben Ihnen eine Übersicht der Beiträge inkl. Vorjahresvergleich zusammengestellt. Die Übersicht steht für Sie für den&hellip;</p><a href="https://beeler-treuhand.ch/index.php/project/sozialversicherungen-2023/" target="" aria-label="Read more about Sozialversicherungen 2023" class="box-button elementor-button elementor-size-sm">Lesen<i aria-hidden="true" class="elementor-button-icon dt-icon-the7-arrow-552"></i></a>								</div>
							</div>
						</article>
					</div>										<div class="wf-cell visible ">
						<article class="post visible wrapper post-7080 dt_portfolio type-dt_portfolio status-publish has-post-thumbnail hentry dt_portfolio_category-post">

							<div class="post-content-wrapper">
																	<div class="the7-simple-post-thumb">
										<a href="https://beeler-treuhand.ch/index.php/project/arbeitslosenversicherung/" class="post-thumbnail-rollover img-ratio-wrapper layzr-bg" aria-label="Post image"><img loading="lazy" decoding="async" class="preload-me lazy-load" src="data:image/svg+xml,%3Csvg%20xmlns%3D&#39;http%3A%2F%2Fwww.w3.org%2F2000%2Fsvg&#39;%20viewBox%3D&#39;0%200%202560%201707&#39;%2F%3E" data-src="https://beeler-treuhand.ch/wp-content/uploads/2022/11/iCON-News-large-scaled.jpg" data-srcset="https://beeler-treuhand.ch/wp-content/uploads/2022/11/iCON-News-large-scaled.jpg 2560w" alt="" title="iCON News large" width="2560" height="1707"  /><span class="the7-hover-icon"></span></a>									</div>
																<div class="post-entry-content">
									<h5 class="heading"><a href="https://beeler-treuhand.ch/index.php/project/arbeitslosenversicherung/" rel="bookmark" title="Arbeitslosenversicherung" class="post-title">Arbeitslosenversicherung</a></h5><div class="entry-meta"><span class="meta-item data-link"><time class="entry-date updated" datetime="2022-11-11T14:44:57+00:00">November 11, 2022</time></span><a class="meta-item comment-link" href="https://beeler-treuhand.ch/index.php/project/arbeitslosenversicherung/#respond">Kommentar hinterlassen</a></div><p class="short-description">Bern,&nbsp;13.10.2022&nbsp;&#8211;&nbsp;Seit 2011 wird auf hohen Lohnbestandteilen ein sogenanntes Solidaritätsprozent als Beitrag zur Entschuldung der Arbeitslosenversicherung erhoben. Die finanzielle Situation der Arbeitslosenversicherung sollte sich per Ende 2022 soweit erholt haben, dass&hellip;</p><a href="https://beeler-treuhand.ch/index.php/project/arbeitslosenversicherung/" target="" aria-label="Read more about Arbeitslosenversicherung" class="box-button elementor-button elementor-size-sm">Lesen<i aria-hidden="true" class="elementor-button-icon dt-icon-the7-arrow-552"></i></a>								</div>
							</div>
						</article>
					</div>										<div class="wf-cell visible ">
						<article class="post visible wrapper post-6967 dt_portfolio type-dt_portfolio status-publish has-post-thumbnail hentry dt_portfolio_category-post">

							<div class="post-content-wrapper">
																	<div class="the7-simple-post-thumb">
										<a href="https://beeler-treuhand.ch/index.php/project/kurzarbeitsentschaedigung/" class="post-thumbnail-rollover img-ratio-wrapper layzr-bg" aria-label="Post image"><img loading="lazy" decoding="async" class="preload-me lazy-load" src="data:image/svg+xml,%3Csvg%20xmlns%3D&#39;http%3A%2F%2Fwww.w3.org%2F2000%2Fsvg&#39;%20viewBox%3D&#39;0%200%202560%201707&#39;%2F%3E" data-src="https://beeler-treuhand.ch/wp-content/uploads/2022/11/iCON-News-large-scaled.jpg" data-srcset="https://beeler-treuhand.ch/wp-content/uploads/2022/11/iCON-News-large-scaled.jpg 2560w" alt="" title="iCON News large" width="2560" height="1707"  /><span class="the7-hover-icon"></span></a>									</div>
																<div class="post-entry-content">
									<h5 class="heading"><a href="https://beeler-treuhand.ch/index.php/project/kurzarbeitsentschaedigung/" rel="bookmark" title="Kurzarbeitsentschädigung" class="post-title">Kurzarbeitsentschädigung</a></h5><div class="entry-meta"><span class="meta-item data-link"><time class="entry-date updated" datetime="2022-11-11T10:14:58+00:00">November 11, 2022</time></span><a class="meta-item comment-link" href="https://beeler-treuhand.ch/index.php/project/kurzarbeitsentschaedigung/#respond">Kommentar hinterlassen</a></div><p class="short-description">Bern,&nbsp;29.09.2022&nbsp;&#8211;&nbsp;Aufgrund des Bundesratsentscheids vom 11. März 2022 können Unternehmen, die in den Jahren 2020 und 2021 im summarischen Verfahren Kurzarbeitsentschädigung (KAE) abgerechnet haben, ein Gesuch um Überprüfung ihrer KAE-Ansprüche stellen.&hellip;</p><a href="https://beeler-treuhand.ch/index.php/project/kurzarbeitsentschaedigung/" target="" aria-label="Read more about Kurzarbeitsentschädigung" class="box-button elementor-button elementor-size-sm">Lesen<i aria-hidden="true" class="elementor-button-icon dt-icon-the7-arrow-552"></i></a>								</div>
							</div>
						</article>
					</div>								</div>
		</div>		</div>
				</div>
					</div>
		</div>
							</div>
		</section>
							</div>

<p>Sozialversicherungen 2023 Dezember 21, 2022Kommentar hinterlassen Für das Jahr 2023 sind einige Änderungen im Bereich der Sozialversicherungsbeiträge zu beachten. Wir haben Ihnen eine Übersicht der Beiträge inkl. Vorjahresvergleich zusammengestellt. Die Übersicht steht für Sie für den&hellip; Lesen Arbeitslosenversicherung November 11, 2022Kommentar hinterlassen Bern,&nbsp;13.10.2022&nbsp;&#8211;&nbsp;Seit 2011 wird auf hohen Lohnbestandteilen ein sogenanntes Solidaritätsprozent als Beitrag zur Entschuldung&hellip;</p>
