{"id":7080,"date":"2022-11-11T14:44:57","date_gmt":"2022-11-11T14:44:57","guid":{"rendered":"https:\/\/beeler-treuhand.ch\/wordpress\/?post_type=dt_portfolio&#038;p=7080"},"modified":"2022-11-11T14:53:46","modified_gmt":"2022-11-11T14:53:46","slug":"arbeitslosenversicherung","status":"publish","type":"dt_portfolio","link":"https:\/\/beeler-treuhand.ch\/index.php\/project\/arbeitslosenversicherung\/","title":{"rendered":"Arbeitslosenversicherung"},"content":{"rendered":"\t\t<div data-elementor-type=\"wp-post\" data-elementor-id=\"7080\" class=\"elementor elementor-7080\">\n\t\t\t\t\t\t\t\t\t<section class=\"elementor-section elementor-top-section elementor-element elementor-element-d01903e elementor-section-boxed elementor-section-height-default elementor-section-height-default\" data-id=\"d01903e\" data-element_type=\"section\">\n\t\t\t\t\t\t<div class=\"elementor-container elementor-column-gap-default\">\n\t\t\t\t\t<div class=\"elementor-column elementor-col-100 elementor-top-column elementor-element elementor-element-16a2e04\" data-id=\"16a2e04\" data-element_type=\"column\">\n\t\t\t<div class=\"elementor-widget-wrap elementor-element-populated\">\n\t\t\t\t\t\t\t\t<div class=\"elementor-element elementor-element-d2236fb elementor-widget elementor-widget-heading\" data-id=\"d2236fb\" data-element_type=\"widget\" data-widget_type=\"heading.default\">\n\t\t\t\t<div class=\"elementor-widget-container\">\n\t\t\t<h4 class=\"elementor-heading-title elementor-size-default\"><span style=\"color: rgb(69, 69, 69); font-family: &quot;Frutiger Neue&quot;, Helvetica, Arial, sans-serif; font-size: 15.4px; white-space: normal;\">Bern,&nbsp;13.10.2022&nbsp;-&nbsp;Seit 2011 wird auf hohen Lohnbestandteilen ein sogenanntes Solidarit\u00e4tsprozent als Beitrag zur Entschuldung der Arbeitslosenversicherung erhoben. Die finanzielle Situation der Arbeitslosenversicherung sollte sich per Ende 2022 soweit erholt haben, dass das Solidarit\u00e4tsprozent ab 2023 automatisch per Gesetz wegf\u00e4llt. Dies tr\u00e4gt im aktuellen wirtschaftlichen Umfeld zur Entlastung der Unternehmungen bei.<\/span><\/h4>\t\t<\/div>\n\t\t\t\t<\/div>\n\t\t\t\t\t<\/div>\n\t\t<\/div>\n\t\t\t\t\t\t\t<\/div>\n\t\t<\/section>\n\t\t\t\t<section class=\"elementor-section elementor-top-section elementor-element elementor-element-8dd73b1 elementor-section-boxed elementor-section-height-default elementor-section-height-default\" data-id=\"8dd73b1\" data-element_type=\"section\">\n\t\t\t\t\t\t<div class=\"elementor-container elementor-column-gap-default\">\n\t\t\t\t\t<div class=\"elementor-column elementor-col-100 elementor-top-column elementor-element elementor-element-7e1a272\" data-id=\"7e1a272\" data-element_type=\"column\">\n\t\t\t<div class=\"elementor-widget-wrap elementor-element-populated\">\n\t\t\t\t\t\t\t\t<div class=\"elementor-element elementor-element-c6262c5 elementor-widget elementor-widget-text-editor\" data-id=\"c6262c5\" data-element_type=\"widget\" data-widget_type=\"text-editor.default\">\n\t\t\t\t<div class=\"elementor-widget-container\">\n\t\t\t\t\t\t\t<p><span style=\"color: #454545; font-family: 'Frutiger Neue', Helvetica, Arial, sans-serif; font-size: 15.4px;\">Die Arbeitslosenversicherung (ALV) wird haupts\u00e4chlich \u00fcber die Sozialversicherungsbeitr\u00e4ge der Arbeitnehmenden und Arbeitgeber finanziert. Der Beitragssatz f\u00fcr die ALV betr\u00e4gt bis zu einer Grenze von 148 200 Franken 2.2 Prozent des massgebenden Jahreslohnes.&nbsp;<\/span><span style=\"color: #454545; font-family: 'Frutiger Neue', Helvetica, Arial, sans-serif; font-size: 15.4px;\">Zu Beginn des Jahrtausends war die ALV finanziell unausgeglichen und aus strukturellen Gr\u00fcnden stark verschuldet. Im Rahmen einer Revision des Arbeitslosenversicherungsgesetzes (AVIG) wurde 2011 vom Gesetzgeber ein Solidarit\u00e4tsbeitrag eingef\u00fchrt, der die Entschuldung der ALV beschleunigen sollte. Der Solidarit\u00e4tsbeitrag betr\u00e4gt ein Prozent f\u00fcr Lohnanteile von \u00fcber 148 200 Franken. Damit flossen der ALV j\u00e4hrlich bis zu 400 Millionen Franken an zus\u00e4tzlichen Beitr\u00e4gen zu. &nbsp;<\/span><br style=\"color: #454545; font-family: 'Frutiger Neue', Helvetica, Arial, sans-serif; font-size: 15.4px;\"><br style=\"color: #454545; font-family: 'Frutiger Neue', Helvetica, Arial, sans-serif; font-size: 15.4px;\"><span style=\"font-weight: bold; color: #454545; font-family: 'Frutiger Neue', Helvetica, Arial, sans-serif; font-size: 15.4px;\">Gesetzliche Grundlage f\u00e4llt automatisch weg<\/span><br style=\"color: #454545; font-family: 'Frutiger Neue', Helvetica, Arial, sans-serif; font-size: 15.4px;\"><span style=\"color: #454545; font-family: 'Frutiger Neue', Helvetica, Arial, sans-serif; font-size: 15.4px;\">Gem\u00e4ss der bestehenden gesetzlichen Regelung darf der Solidarit\u00e4tsbeitrag solange erhoben werden, bis das Eigenkapital des Ausgleichsfonds der ALV per Ende Jahr die Schwelle von 2.5 Milliarden \u00fcbersteigt. Die aktuellen Zahlen der ALV zeigen, dass diese Grenze auf Ende 2022 erreicht wird. Damit f\u00e4llt das Recht zur Erhebung des Solidarit\u00e4tsprozents per 1. Januar 2023 von Gesetzes wegen automatisch weg.<\/span><br style=\"color: #454545; font-family: 'Frutiger Neue', Helvetica, Arial, sans-serif; font-size: 15.4px;\"><span style=\"font-weight: bold; color: #454545; font-family: 'Frutiger Neue', Helvetica, Arial, sans-serif; font-size: 15.4px;\"><br>Information an die Unternehmen durch die AHV-Ausgleichskassen<\/span><br style=\"color: #454545; font-family: 'Frutiger Neue', Helvetica, Arial, sans-serif; font-size: 15.4px;\"><span style=\"color: #454545; font-family: 'Frutiger Neue', Helvetica, Arial, sans-serif; font-size: 15.4px;\">Es ist wichtig, dass Unternehmen und Arbeitnehmende rechtzeitig \u00fcber die \u00c4nderung der Sozialversicherungsbeitr\u00e4ge informiert werden. Daf\u00fcr ist die AHV bzw. das f\u00fcr die AHV zust\u00e4ndige Bundesamt f\u00fcr Sozialversicherungen (BSV) zust\u00e4ndig. Die AHV-Ausgleichskassen werden die Arbeitgeber rechtzeitig \u00fcber die ab dem 1. Januar 2023 g\u00fcltigen ALV-Lohnbeitr\u00e4ge informieren.<\/span><\/p>\t\t\t\t\t\t<\/div>\n\t\t\t\t<\/div>\n\t\t\t\t<div class=\"elementor-element elementor-element-21298f0 elementor-widget elementor-widget-spacer\" data-id=\"21298f0\" data-element_type=\"widget\" data-widget_type=\"spacer.default\">\n\t\t\t\t<div class=\"elementor-widget-container\">\n\t\t\t\t\t<div class=\"elementor-spacer\">\n\t\t\t<div class=\"elementor-spacer-inner\"><\/div>\n\t\t<\/div>\n\t\t\t\t<\/div>\n\t\t\t\t<\/div>\n\t\t\t\t<div class=\"elementor-element elementor-element-cec1c8a elementor-widget elementor-widget-text-editor\" data-id=\"cec1c8a\" data-element_type=\"widget\" data-widget_type=\"text-editor.default\">\n\t\t\t\t<div class=\"elementor-widget-container\">\n\t\t\t\t\t\t\t<p>kmu.admin.ch<\/p>\t\t\t\t\t\t<\/div>\n\t\t\t\t<\/div>\n\t\t\t\t\t<\/div>\n\t\t<\/div>\n\t\t\t\t\t\t\t<\/div>\n\t\t<\/section>\n\t\t\t\t\t\t\t<\/div>\n\t\t","protected":false},"excerpt":{"rendered":"<p>Bern,&nbsp;13.10.2022&nbsp;&#8211;&nbsp;Seit 2011 wird auf hohen Lohnbestandteilen ein sogenanntes Solidarit\u00e4tsprozent als Beitrag zur Entschuldung der Arbeitslosenversicherung erhoben. Die finanzielle Situation der Arbeitslosenversicherung sollte sich per Ende 2022 soweit erholt haben, dass das Solidarit\u00e4tsprozent ab 2023 automatisch per Gesetz wegf\u00e4llt. Dies tr\u00e4gt im aktuellen wirtschaftlichen Umfeld zur Entlastung der Unternehmungen bei. Die Arbeitslosenversicherung (ALV) wird haupts\u00e4chlich \u00fcber&hellip;<\/p>\n","protected":false},"author":1,"featured_media":7086,"comment_status":"open","ping_status":"closed","template":"","dt_portfolio_category":[70],"dt_portfolio_tags":[],"class_list":["post-7080","dt_portfolio","type-dt_portfolio","status-publish","has-post-thumbnail","hentry","dt_portfolio_category-post"],"_links":{"self":[{"href":"https:\/\/beeler-treuhand.ch\/index.php\/wp-json\/wp\/v2\/dt_portfolio\/7080","targetHints":{"allow":["GET"]}}],"collection":[{"href":"https:\/\/beeler-treuhand.ch\/index.php\/wp-json\/wp\/v2\/dt_portfolio"}],"about":[{"href":"https:\/\/beeler-treuhand.ch\/index.php\/wp-json\/wp\/v2\/types\/dt_portfolio"}],"author":[{"embeddable":true,"href":"https:\/\/beeler-treuhand.ch\/index.php\/wp-json\/wp\/v2\/users\/1"}],"replies":[{"embeddable":true,"href":"https:\/\/beeler-treuhand.ch\/index.php\/wp-json\/wp\/v2\/comments?post=7080"}],"version-history":[{"count":5,"href":"https:\/\/beeler-treuhand.ch\/index.php\/wp-json\/wp\/v2\/dt_portfolio\/7080\/revisions"}],"predecessor-version":[{"id":7087,"href":"https:\/\/beeler-treuhand.ch\/index.php\/wp-json\/wp\/v2\/dt_portfolio\/7080\/revisions\/7087"}],"wp:featuredmedia":[{"embeddable":true,"href":"https:\/\/beeler-treuhand.ch\/index.php\/wp-json\/wp\/v2\/media\/7086"}],"wp:attachment":[{"href":"https:\/\/beeler-treuhand.ch\/index.php\/wp-json\/wp\/v2\/media?parent=7080"}],"wp:term":[{"taxonomy":"dt_portfolio_category","embeddable":true,"href":"https:\/\/beeler-treuhand.ch\/index.php\/wp-json\/wp\/v2\/dt_portfolio_category?post=7080"},{"taxonomy":"dt_portfolio_tags","embeddable":true,"href":"https:\/\/beeler-treuhand.ch\/index.php\/wp-json\/wp\/v2\/dt_portfolio_tags?post=7080"}],"curies":[{"name":"wp","href":"https:\/\/api.w.org\/{rel}","templated":true}]}}

<div data-elementor-type="wp-post" data-elementor-id="7080" class="elementor elementor-7080">
									<section class="elementor-section elementor-top-section elementor-element elementor-element-d01903e elementor-section-boxed elementor-section-height-default elementor-section-height-default" data-id="d01903e" data-element_type="section">
						<div class="elementor-container elementor-column-gap-default">
					<div class="elementor-column elementor-col-100 elementor-top-column elementor-element elementor-element-16a2e04" data-id="16a2e04" data-element_type="column">
			<div class="elementor-widget-wrap elementor-element-populated">
								<div class="elementor-element elementor-element-d2236fb elementor-widget elementor-widget-heading" data-id="d2236fb" data-element_type="widget" data-widget_type="heading.default">
				<div class="elementor-widget-container">
			<h4 class="elementor-heading-title elementor-size-default"><span style="color: rgb(69, 69, 69); font-family: &quot;Frutiger Neue&quot;, Helvetica, Arial, sans-serif; font-size: 15.4px; white-space: normal;">Bern,&nbsp;13.10.2022&nbsp;-&nbsp;Seit 2011 wird auf hohen Lohnbestandteilen ein sogenanntes Solidaritätsprozent als Beitrag zur Entschuldung der Arbeitslosenversicherung erhoben. Die finanzielle Situation der Arbeitslosenversicherung sollte sich per Ende 2022 soweit erholt haben, dass das Solidaritätsprozent ab 2023 automatisch per Gesetz wegfällt. Dies trägt im aktuellen wirtschaftlichen Umfeld zur Entlastung der Unternehmungen bei.</span></h4>		</div>
				</div>
					</div>
		</div>
							</div>
		</section>
				<section class="elementor-section elementor-top-section elementor-element elementor-element-8dd73b1 elementor-section-boxed elementor-section-height-default elementor-section-height-default" data-id="8dd73b1" data-element_type="section">
						<div class="elementor-container elementor-column-gap-default">
					<div class="elementor-column elementor-col-100 elementor-top-column elementor-element elementor-element-7e1a272" data-id="7e1a272" data-element_type="column">
			<div class="elementor-widget-wrap elementor-element-populated">
								<div class="elementor-element elementor-element-c6262c5 elementor-widget elementor-widget-text-editor" data-id="c6262c5" data-element_type="widget" data-widget_type="text-editor.default">
				<div class="elementor-widget-container">
							<p><span style="color: #454545; font-family: 'Frutiger Neue', Helvetica, Arial, sans-serif; font-size: 15.4px;">Die Arbeitslosenversicherung (ALV) wird hauptsächlich über die Sozialversicherungsbeiträge der Arbeitnehmenden und Arbeitgeber finanziert. Der Beitragssatz für die ALV beträgt bis zu einer Grenze von 148 200 Franken 2.2 Prozent des massgebenden Jahreslohnes.&nbsp;</span><span style="color: #454545; font-family: 'Frutiger Neue', Helvetica, Arial, sans-serif; font-size: 15.4px;">Zu Beginn des Jahrtausends war die ALV finanziell unausgeglichen und aus strukturellen Gründen stark verschuldet. Im Rahmen einer Revision des Arbeitslosenversicherungsgesetzes (AVIG) wurde 2011 vom Gesetzgeber ein Solidaritätsbeitrag eingeführt, der die Entschuldung der ALV beschleunigen sollte. Der Solidaritätsbeitrag beträgt ein Prozent für Lohnanteile von über 148 200 Franken. Damit flossen der ALV jährlich bis zu 400 Millionen Franken an zusätzlichen Beiträgen zu. &nbsp;</span><br style="color: #454545; font-family: 'Frutiger Neue', Helvetica, Arial, sans-serif; font-size: 15.4px;"><br style="color: #454545; font-family: 'Frutiger Neue', Helvetica, Arial, sans-serif; font-size: 15.4px;"><span style="font-weight: bold; color: #454545; font-family: 'Frutiger Neue', Helvetica, Arial, sans-serif; font-size: 15.4px;">Gesetzliche Grundlage fällt automatisch weg</span><br style="color: #454545; font-family: 'Frutiger Neue', Helvetica, Arial, sans-serif; font-size: 15.4px;"><span style="color: #454545; font-family: 'Frutiger Neue', Helvetica, Arial, sans-serif; font-size: 15.4px;">Gemäss der bestehenden gesetzlichen Regelung darf der Solidaritätsbeitrag solange erhoben werden, bis das Eigenkapital des Ausgleichsfonds der ALV per Ende Jahr die Schwelle von 2.5 Milliarden übersteigt. Die aktuellen Zahlen der ALV zeigen, dass diese Grenze auf Ende 2022 erreicht wird. Damit fällt das Recht zur Erhebung des Solidaritätsprozents per 1. Januar 2023 von Gesetzes wegen automatisch weg.</span><br style="color: #454545; font-family: 'Frutiger Neue', Helvetica, Arial, sans-serif; font-size: 15.4px;"><span style="font-weight: bold; color: #454545; font-family: 'Frutiger Neue', Helvetica, Arial, sans-serif; font-size: 15.4px;"><br>Information an die Unternehmen durch die AHV-Ausgleichskassen</span><br style="color: #454545; font-family: 'Frutiger Neue', Helvetica, Arial, sans-serif; font-size: 15.4px;"><span style="color: #454545; font-family: 'Frutiger Neue', Helvetica, Arial, sans-serif; font-size: 15.4px;">Es ist wichtig, dass Unternehmen und Arbeitnehmende rechtzeitig über die Änderung der Sozialversicherungsbeiträge informiert werden. Dafür ist die AHV bzw. das für die AHV zuständige Bundesamt für Sozialversicherungen (BSV) zuständig. Die AHV-Ausgleichskassen werden die Arbeitgeber rechtzeitig über die ab dem 1. Januar 2023 gültigen ALV-Lohnbeiträge informieren.</span></p>						</div>
				</div>
				<div class="elementor-element elementor-element-21298f0 elementor-widget elementor-widget-spacer" data-id="21298f0" data-element_type="widget" data-widget_type="spacer.default">
				<div class="elementor-widget-container">
					<div class="elementor-spacer">
			<div class="elementor-spacer-inner"></div>
		</div>
				</div>
				</div>
				<div class="elementor-element elementor-element-cec1c8a elementor-widget elementor-widget-text-editor" data-id="cec1c8a" data-element_type="widget" data-widget_type="text-editor.default">
				<div class="elementor-widget-container">
							<p>kmu.admin.ch</p>						</div>
				</div>
					</div>
		</div>
							</div>
		</section>
							</div>

<p>Bern,&nbsp;13.10.2022&nbsp;&#8211;&nbsp;Seit 2011 wird auf hohen Lohnbestandteilen ein sogenanntes Solidaritätsprozent als Beitrag zur Entschuldung der Arbeitslosenversicherung erhoben. Die finanzielle Situation der Arbeitslosenversicherung sollte sich per Ende 2022 soweit erholt haben, dass das Solidaritätsprozent ab 2023 automatisch per Gesetz wegfällt. Dies trägt im aktuellen wirtschaftlichen Umfeld zur Entlastung der Unternehmungen bei. Die Arbeitslosenversicherung (ALV) wird hauptsächlich über&hellip;</p>
