{"id":7147,"date":"2022-12-21T08:11:24","date_gmt":"2022-12-21T08:11:24","guid":{"rendered":"https:\/\/beeler-treuhand.ch\/?post_type=dt_portfolio&#038;p=7147"},"modified":"2022-12-21T08:48:26","modified_gmt":"2022-12-21T08:48:26","slug":"sozialversicherungen-2023","status":"publish","type":"dt_portfolio","link":"https:\/\/beeler-treuhand.ch\/index.php\/project\/sozialversicherungen-2023\/","title":{"rendered":"Sozialversicherungen 2023"},"content":{"rendered":"\t\t<div data-elementor-type=\"wp-post\" data-elementor-id=\"7147\" class=\"elementor elementor-7147\">\n\t\t\t\t\t\t\t\t\t<section class=\"elementor-section elementor-top-section elementor-element elementor-element-d49cfa7 elementor-section-boxed elementor-section-height-default elementor-section-height-default\" data-id=\"d49cfa7\" data-element_type=\"section\">\n\t\t\t\t\t\t<div class=\"elementor-container elementor-column-gap-default\">\n\t\t\t\t\t<div class=\"elementor-column elementor-col-100 elementor-top-column elementor-element elementor-element-e638b29\" data-id=\"e638b29\" data-element_type=\"column\">\n\t\t\t<div class=\"elementor-widget-wrap elementor-element-populated\">\n\t\t\t\t\t\t\t\t<div class=\"elementor-element elementor-element-d53def4 elementor-widget elementor-widget-spacer\" data-id=\"d53def4\" data-element_type=\"widget\" data-widget_type=\"spacer.default\">\n\t\t\t\t<div class=\"elementor-widget-container\">\n\t\t\t\t\t<div class=\"elementor-spacer\">\n\t\t\t<div class=\"elementor-spacer-inner\"><\/div>\n\t\t<\/div>\n\t\t\t\t<\/div>\n\t\t\t\t<\/div>\n\t\t\t\t\t<\/div>\n\t\t<\/div>\n\t\t\t\t\t\t\t<\/div>\n\t\t<\/section>\n\t\t\t\t<section class=\"elementor-section elementor-top-section elementor-element elementor-element-3db47c4 elementor-section-boxed elementor-section-height-default elementor-section-height-default\" data-id=\"3db47c4\" data-element_type=\"section\">\n\t\t\t\t\t\t<div class=\"elementor-container elementor-column-gap-default\">\n\t\t\t\t\t<div class=\"elementor-column elementor-col-100 elementor-top-column elementor-element elementor-element-7570a85\" data-id=\"7570a85\" data-element_type=\"column\">\n\t\t\t<div class=\"elementor-widget-wrap elementor-element-populated\">\n\t\t\t\t\t\t\t\t<div class=\"elementor-element elementor-element-53f3d8a elementor-widget elementor-widget-text-editor\" data-id=\"53f3d8a\" data-element_type=\"widget\" data-widget_type=\"text-editor.default\">\n\t\t\t\t<div class=\"elementor-widget-container\">\n\t\t\t\t\t\t\t<p>F\u00fcr das Jahr 2023 sind einige \u00c4nderungen im Bereich der Sozialversicherungsbeitr\u00e4ge zu beachten. Wir haben Ihnen eine \u00dcbersicht der Beitr\u00e4ge inkl. Vorjahresvergleich zusammengestellt. Die \u00dcbersicht steht f\u00fcr Sie f\u00fcr den Download bereit.<\/p>\t\t\t\t\t\t<\/div>\n\t\t\t\t<\/div>\n\t\t\t\t\t<\/div>\n\t\t<\/div>\n\t\t\t\t\t\t\t<\/div>\n\t\t<\/section>\n\t\t\t\t<section class=\"elementor-section elementor-top-section elementor-element elementor-element-756f5d4 elementor-section-boxed elementor-section-height-default elementor-section-height-default\" data-id=\"756f5d4\" data-element_type=\"section\">\n\t\t\t\t\t\t<div class=\"elementor-container elementor-column-gap-default\">\n\t\t\t\t\t<div class=\"elementor-column elementor-col-100 elementor-top-column elementor-element elementor-element-f0ec10b\" data-id=\"f0ec10b\" data-element_type=\"column\">\n\t\t\t<div class=\"elementor-widget-wrap elementor-element-populated\">\n\t\t\t\t\t\t\t\t<div class=\"elementor-element elementor-element-1083a5c elementor-align-center elementor-invisible elementor-widget elementor-widget-the7_button_widget\" data-id=\"1083a5c\" data-element_type=\"widget\" data-settings=\"{&quot;_animation&quot;:&quot;bounceIn&quot;}\" data-widget_type=\"the7_button_widget.default\">\n\t\t\t\t<div class=\"elementor-widget-container\">\n\t\t\t<div class=\"elementor-button-wrapper\"><a href=\"https:\/\/beeler-treuhand.ch\/wp-content\/uploads\/2022\/12\/Eckdaten-Obligatorische-Sozialversicherungen-5.pdf\" target=\"_blank\" class=\"box-button elementor-button elementor-size-sm\">Download<\/a><\/div>\t\t<\/div>\n\t\t\t\t<\/div>\n\t\t\t\t\t<\/div>\n\t\t<\/div>\n\t\t\t\t\t\t\t<\/div>\n\t\t<\/section>\n\t\t\t\t\t\t\t<\/div>\n\t\t","protected":false},"excerpt":{"rendered":"<p>F\u00fcr das Jahr 2023 sind einige \u00c4nderungen im Bereich der Sozialversicherungsbeitr\u00e4ge zu beachten. Wir haben Ihnen eine \u00dcbersicht der Beitr\u00e4ge inkl. Vorjahresvergleich zusammengestellt. Die \u00dcbersicht steht f\u00fcr Sie f\u00fcr den Download bereit. Download<\/p>\n","protected":false},"author":1,"featured_media":7086,"comment_status":"open","ping_status":"closed","template":"","dt_portfolio_category":[70],"dt_portfolio_tags":[],"class_list":["post-7147","dt_portfolio","type-dt_portfolio","status-publish","has-post-thumbnail","hentry","dt_portfolio_category-post"],"_links":{"self":[{"href":"https:\/\/beeler-treuhand.ch\/index.php\/wp-json\/wp\/v2\/dt_portfolio\/7147","targetHints":{"allow":["GET"]}}],"collection":[{"href":"https:\/\/beeler-treuhand.ch\/index.php\/wp-json\/wp\/v2\/dt_portfolio"}],"about":[{"href":"https:\/\/beeler-treuhand.ch\/index.php\/wp-json\/wp\/v2\/types\/dt_portfolio"}],"author":[{"embeddable":true,"href":"https:\/\/beeler-treuhand.ch\/index.php\/wp-json\/wp\/v2\/users\/1"}],"replies":[{"embeddable":true,"href":"https:\/\/beeler-treuhand.ch\/index.php\/wp-json\/wp\/v2\/comments?post=7147"}],"version-history":[{"count":28,"href":"https:\/\/beeler-treuhand.ch\/index.php\/wp-json\/wp\/v2\/dt_portfolio\/7147\/revisions"}],"predecessor-version":[{"id":7181,"href":"https:\/\/beeler-treuhand.ch\/index.php\/wp-json\/wp\/v2\/dt_portfolio\/7147\/revisions\/7181"}],"wp:featuredmedia":[{"embeddable":true,"href":"https:\/\/beeler-treuhand.ch\/index.php\/wp-json\/wp\/v2\/media\/7086"}],"wp:attachment":[{"href":"https:\/\/beeler-treuhand.ch\/index.php\/wp-json\/wp\/v2\/media?parent=7147"}],"wp:term":[{"taxonomy":"dt_portfolio_category","embeddable":true,"href":"https:\/\/beeler-treuhand.ch\/index.php\/wp-json\/wp\/v2\/dt_portfolio_category?post=7147"},{"taxonomy":"dt_portfolio_tags","embeddable":true,"href":"https:\/\/beeler-treuhand.ch\/index.php\/wp-json\/wp\/v2\/dt_portfolio_tags?post=7147"}],"curies":[{"name":"wp","href":"https:\/\/api.w.org\/{rel}","templated":true}]}}

<div data-elementor-type="wp-post" data-elementor-id="7147" class="elementor elementor-7147">
									<section class="elementor-section elementor-top-section elementor-element elementor-element-d49cfa7 elementor-section-boxed elementor-section-height-default elementor-section-height-default" data-id="d49cfa7" data-element_type="section">
						<div class="elementor-container elementor-column-gap-default">
					<div class="elementor-column elementor-col-100 elementor-top-column elementor-element elementor-element-e638b29" data-id="e638b29" data-element_type="column">
			<div class="elementor-widget-wrap elementor-element-populated">
								<div class="elementor-element elementor-element-d53def4 elementor-widget elementor-widget-spacer" data-id="d53def4" data-element_type="widget" data-widget_type="spacer.default">
				<div class="elementor-widget-container">
					<div class="elementor-spacer">
			<div class="elementor-spacer-inner"></div>
		</div>
				</div>
				</div>
					</div>
		</div>
							</div>
		</section>
				<section class="elementor-section elementor-top-section elementor-element elementor-element-3db47c4 elementor-section-boxed elementor-section-height-default elementor-section-height-default" data-id="3db47c4" data-element_type="section">
						<div class="elementor-container elementor-column-gap-default">
					<div class="elementor-column elementor-col-100 elementor-top-column elementor-element elementor-element-7570a85" data-id="7570a85" data-element_type="column">
			<div class="elementor-widget-wrap elementor-element-populated">
								<div class="elementor-element elementor-element-53f3d8a elementor-widget elementor-widget-text-editor" data-id="53f3d8a" data-element_type="widget" data-widget_type="text-editor.default">
				<div class="elementor-widget-container">
							<p>Für das Jahr 2023 sind einige Änderungen im Bereich der Sozialversicherungsbeiträge zu beachten. Wir haben Ihnen eine Übersicht der Beiträge inkl. Vorjahresvergleich zusammengestellt. Die Übersicht steht für Sie für den Download bereit.</p>						</div>
				</div>
					</div>
		</div>
							</div>
		</section>
				<section class="elementor-section elementor-top-section elementor-element elementor-element-756f5d4 elementor-section-boxed elementor-section-height-default elementor-section-height-default" data-id="756f5d4" data-element_type="section">
						<div class="elementor-container elementor-column-gap-default">
					<div class="elementor-column elementor-col-100 elementor-top-column elementor-element elementor-element-f0ec10b" data-id="f0ec10b" data-element_type="column">
			<div class="elementor-widget-wrap elementor-element-populated">
								<div class="elementor-element elementor-element-1083a5c elementor-align-center elementor-invisible elementor-widget elementor-widget-the7_button_widget" data-id="1083a5c" data-element_type="widget" data-settings="{&quot;_animation&quot;:&quot;bounceIn&quot;}" data-widget_type="the7_button_widget.default">
				<div class="elementor-widget-container">
			<div class="elementor-button-wrapper"><a href="https://beeler-treuhand.ch/wp-content/uploads/2022/12/Eckdaten-Obligatorische-Sozialversicherungen-5.pdf" target="_blank" class="box-button elementor-button elementor-size-sm">Download</a></div>		</div>
				</div>
					</div>
		</div>
							</div>
		</section>
							</div>

<p>Für das Jahr 2023 sind einige Änderungen im Bereich der Sozialversicherungsbeiträge zu beachten. Wir haben Ihnen eine Übersicht der Beiträge inkl. Vorjahresvergleich zusammengestellt. Die Übersicht steht für Sie für den Download bereit. Download</p>
